n base 14, what is 42 - -1?
43
In base 2, what is -1000100 - -1101?
-110111
In base 8, what is 1004 - 16?
766
In base 8, what is -1 + 300?
277
In base 13, what is -b6 - -5?
-b1
In base 12, what is -314 + 2?
-312
In base 14, what is -7 - -51d?
516
In base 5, what is 1414 + -1?
1413
In base 8, what is -6 - -3?
-3
In base 15, what is 3 + 9b4?
9b7
In base 4, what is -2 + -1000333?
-1001001
In base 14, what is -2 + b2?
b0
In base 8, what is 15 + 14?
31
In base 5, what is -24143 + 0?
-24143
In base 5, what is 20 + -34?
-14
In base 13, what is -1 + -46?
-47
In base 3, what is 11 - -121222?
122010
In base 4, what is -1033 - 132?
-1231
In base 13, what is -31 - -42?
11
In base 9, what is -34 - -3?
-31
In base 3, what is 10210 - 1?
10202
In base 14, what is 7 - 1b?
-14
In base 6, what is -2121 + 5?
-2112
In base 14, what is -2 + 14?
12
In base 6, what is -4 + -35?
-43
In base 9, what is -1168 - -4?
-1164
In base 6, what is -1 - 11224?
-11225
In base 11, what is 1158 - 1?
1157
In base 13, what is 0 - 32b5?
-32b5
In base 14, what is 5 + -a?
-5
In base 15, what is 1ed - 3?
1ea
In base 10, what is -26 + -162?
-188
In base 11, what is -1252 - 4?
-1256
In base 7, what is -30 + -2?
-32
In base 5, what is -10 - 42?
-102
In base 12, what is 0 - -52?
52
In base 8, what is 4 + -1200?
-1174
In base 7, what is -1 + 4263?
4262
In base 4, what is -101 - 0?
-101
In base 6, what is 1 - -14055?
14100
In base 9, what is -5 + 21?
15
In base 13, what is 22 + 3?
25
In base 12, what is -49 - 7?
-54
In base 2, what is -111 + 10001011?
10000100
In base 8, what is 516 + 0?
516
In base 8, what is 376 - -23?
421
In base 16, what is 9b + -4?
97
In base 7, what is -2 + -41?
-43
In base 8, what is 1503 + 3?
1506
In base 13, what is -3 - -96?
93
In base 5, what is 31303 - -3?
31311
In base 9, what is 7 + 151?
158
In base 9, what is 5 - -54?
60
In base 9, what is -253 - -1?
-252
In base 6, what is -111 + 3325?
3214
In base 6, what is 0 + -212?
-212
In base 13, what is -8 + -37a?
-385
In base 15, what is -5 + 60?
5a
In base 8, what is -342 + -4?
-346
In base 14, what is 50 - -11?
61
In base 6, what is 32 - -22?
54
In base 11, what is -670 - 0?
-670
In base 4, what is 2 + 113?
121
In base 14, what is -222 - -4?
-21c
In base 10, what is 2871 - 2?
2869
In base 5, what is -200 + 2?
-143
In base 16, what is 4 + -a7?
-a3
In base 10, what is 1 + -52?
-51
In base 14, what is 5 - -da?
101
In base 4, what is 110 + 1131?
1301
In base 2, what is 1 - -11111101?
11111110
In base 2, what is 10 - -1001110001?
1001110011
In base 10, what is 2 + 14?
16
In base 11, what is 3 + -5a?
-57
In base 11, what is 27 + 55?
81
In base 3, what is 1121120 - 12?
1121101
In base 5, what is 10 - 144?
-134
In base 14, what is -6 + -7?
-d
In base 10, what is 10 - -210?
220
In base 11, what is -298 - 5?
-2a2
In base 10, what is 21659 - 0?
21659
In base 7, what is -44 - -12?
-32
In base 11, what is 2 - -3?
5
In base 8, what is -3520 + 10?
-3510
In base 16, what is -2 - 1c?
-1e
In base 8, what is -42 + 50?
6
In base 5, what is 13 - -33?
101
In base 7, what is -2 - -111?
106
In base 12, what is -a - 21?
-2b
In base 4, what is -10103323 + 1?
-10103322
In base 7, what is 1052 - 1?
1051
In base 10, what is 1140 - 3?
1137
In base 6, what is -3 + -3524?
-3531
In base 6, what is -140 + 53?
-43
In base 9, what is -27333 + 2?
-27331
In base 14, what is -6 + -222?
-228
In base 9, what is -316 + 3?
-313
In base 4, what is 3302 + -2?
3300
In base 13, what is -ba98 - -1?
-ba97
In base 14, what is -2 + -6b?
-6d
In base 11, what is 2 - -1703?
1705
In base 10, what is 21 - -22?
43
In base 15, what is -2 + 7c?
7a
In base 16, what is -3 - -15?
12
In base 2, what is -100 + -1000010000000?
-1000010000100
In base 13, what is -b9 + 15?
-a4
In base 3, what is -11 - 102102021?
-102102102
In base 9, what is 5 - 26?
-21
In base 10, what is 80 + -75?
5
In base 13, what is 357 - 4?
353
In base 10, what is 56 - 21?
35
In base 9, what is -1075 - -7?
-1067
In base 4, what is 20212103 - 11?
20212032
In base 14, what is 4 - 41?
-3b
In base 12, what is -1 + 172?
171
In base 8, what is 4 + 11?
15
In base 11, what is 1155 - -2?
1157
In base 10, what is 0 + 282?
282
In base 3, what is -1102 + -11?
-1120
In base 15, what is -a - -102?
e7
In base 10, what is -12 - -178?
166
In base 6, what is 3203 - -12?
3215
In base 16, what is d65 - 5?
d60
In base 3, what is -220 - -111?
-102
In base 4, what is 223211 + 2?
223213
In base 7, what is 2464 + 3?
2500
In base 4, what is -2 + -12022?
-12030
In base 16, what is -650 + 4?
-64c
In base 7, what is -2 + -13?
-15
In base 14, what is -1 + 2a3?
2a2
In base 14, what is a1d6 - -5?
a1db
In base 14, what is 56ad + 1?
56b0
In base 15, what is 3 - 1a?
-17
In base 13, what is -5b + -2?
-60
In base 10, what is 637 - 0?
637
In base 12, what is 3 - 170?
-169
In base 3, what is 12 + -21220?
-21201
In base 3, what is -22 + -1000?
-1022
In base 7, what is -13 + -44?
-60
In base 12, what is -48 + 4?
-44
In base 10, what is 9 - -3157?
3166
In base 10, what is -7 - 1453?
-1460
In base 9, what is -13 - -13?
0
In base 16, what is -b + -16?
-21
In base 8, what is 7 - -21?
30
In base 15, what is -3d7 + 3?
-3d4
In base 7, what is -141 - 5?
-146
In base 15, what is -1605 - 5?
-160a
In base 12, what is -757 - -5?
-752
In base 9, what is -1 + 355?
354
In base 5, what is -112 - -10?
-102
In base 16, what is -5e - 15?
-73
In base 14, what is 0 - 295?
-295
In base 14, what is 6 + -3?
3
In base 11, what is 4 - 46?
-42
In base 6, what is -143 + -24?
-211
In base 7, what is 1126 + -4?
1122
In base 8, what is -4 - -41?
35
In base 6, what is 222 - -4?
230
In base 5, what is -33330 - 3?
-33333
In base 11, what is -9 - 333?
-341
In base 10, what is 0 - 2628?
-2628
In base 13, what is -9 - 6a4?
-6b0
In base 10, what is -4 + -603?
-607
In base 11, what is 3 + -183?
-180
In base 15, what is 5 - -1ba?
1c0
In base 3, what is 1021 + -10?
1011
In base 11, what is 5261 - -1?
5262
In base 12, what is 0 + -46?
-46
In base 2, what is 1 - -110011000001?
110011000010
In base 12, what is -172 + -3?
-175
In base 14, what is 2 + 33?
35
In base 10, what is -15 - 8?
-23
In base 16, what is 5 + 412?
417
In base 14, what is -3 + 8a?
87
In base 15, what is -6 + -4ee?
-505
In base 3, what is 11220 + -2?
11211
In base 16, what is 30 - -2?
32
In base 4, what is -3302 + 11?
-3231
In base 12, what is 1 + 4102?
4103
In base 11, what is -74 + -11?
-85
In base 16, what is -2 + -162?
-164
In base 14, what is -a1 + 6?
-99
In base 13, what is -21c5 - 5?
-21ca
In base 5, what is 100 + 233?
333
In base 12, what is 0 - -299?
299
In base 15, what is -5 + 3?
-2
In base 4, what is 11121 + 2?
11123
In base 14, what is 1d + -2?
1b
In base 3, what is 102201 - -10?
102211
In base 2, what is -101 + 111110?
111001
In base 3, what is -220 + -11111?
-12101
In base 8, what is -2675 - -2?
-2673
In base 10, what is -5 + -3447?
-3452
In base 8, what is 32 - 63?
-31
In base 7, what is -621 + -5?
-626
In base 12, what is 4 + -608?
-604
In base 8, what is -23 - 41?
-64
In base 2, what is 1 - 1000011100?
-1000011011
In base 10, what is 4 - -1118?
1122
In base 9, what is -274 + 2?
-272
In base 13, what is -3 - 4b8?
-4bb
In base 2, what is 1110000011 + -101?
1101111110
In base 14, what is -46 - 4?
-4a
In base 3, what is -1200 - 12222?
-21122
In base 10, what is -413 + -5?
-418
In base 15, what is 101 + -3?
ed
In base 11, what is -192 - 3?
-195
In base 10, what is -8 + 123?
115
In base 3, what is 10 + -1022?
-1012
In base 10, what is 23999 - 1?
23998
In base 3, what is -120 - -111?
-2
In base 7, what is 16 - 55?
-36
In base 8, what is 5 + -20?
-13
In base 3, what is -110 - 221022?
-221202
In base 7, what is 3 - -1505?
1511
In base 10, what is -662 - -9?
-653
In base 2, what is 1000110 + 1000001?
10000111
In base 11, what is 5 - -346?
350
In base 6, what is -5 - 103?
-112
In base 16, what is 1d + -37?
-1a
In base 11, what is -101 + 2?
-aa
In base 9, what is -6 - 5?
-12
In base 13, what is -2766 + 4?
-2762
In base 9, what is 4 + 223?
227
In base 4, what is 0 + -10131?
-10131
In base 7, what is -36 + 262?
223
In base 6, what is 0 - -21405?
21405
In base 2, what is 100 + 1010010?
1010110
In base 9, what is 21 + 441?
462
In base 3, what is 1201220 - -11?
1202001
In base 5, what is -41 + -33?
-124
In base 5, what i